 o(l) = -62*l - 148. Let x(p) = 2*p + 1. Let c(v) = o(v) + 2*x(v). What are the prime factors of c(-12)?
2, 5, 11
Let z(v) = v**2 - v - 1. Let d(y) = 11*y**2 - 12*y - 13. Let s(u) = d(u) - 5*z(u). Let r be s(-3). Let t = r + -1. List the prime factors of t.
2, 3, 11
Let k(s) = 202*s**2 + 28*s + 419. What are the prime factors of k(-13)?
31, 1103
Let o(c) = -7 - 5*c + 15*c - 19*c**2 + 32*c**2 - 14*c**2. Let s be o(13). Let d = s - -61. List the prime factors of d.
3, 5
Suppose 68*j = 219575 + 609209. List the prime factors of j.
2, 11, 277
Suppose 279 = -4*s - 341. Let q be (s + 5 + -2)*3/(-6). Suppose -3*v + 146 = -q. What are the prime factors of v?
2, 37
Let p(q) = 2*q - 19. Let x(l) = -1. Suppose -3*w = -f + 7, -5*f + 4*f = -4*w - 9. Let u(t) = w*p(t) - 2*x(t). What are the prime factors of u(-21)?
2, 31
Let z be 8 - 9 - (-5)/(-1). Let o be z/10 + (-4)/10 + 271. Suppose -4*h - o = -7*h. List the prime factors of h.
2, 3, 5
Let h = 4417 - 2544. Let f = h + -778. List the prime factors of f.
3, 5, 73
Suppose k + 3*k = -2*x + 30, 15 = -2*k + 5*x. Suppose -8*l + k*l + 207 = 4*o, 2*o = -l + 103. List the prime factors of o.
3, 17
Let p be (-630)/5*5/(-10). Let m = p + -58. Suppose -m*r + 4*x = -300, 220 = 3*r - 2*x + 42. What are the prime factors of r?
2, 7
Suppose 0*r - 6*r = 0. Suppose r = 3*t + 3*g - 6, -g + 2 = -2*g. List the prime factors of (6 + t)/(4/38).
5, 19
Let h(r) = 193*r**2 - 47*r - 246. List the prime factors of h(-7).
2, 3, 5, 53
Suppose -d + 5546 = -5*x - 2669, 0 = -4*d - 5*x + 32710. What are the prime factors of d?
5, 1637
Suppose 4*b = -u + 39, -4*b = -4*u - 11 - 13. Suppose -5*r + 500 = 4*z, 12*r = b*r. List the prime factors of z.
5
Let a(s) = -45*s - 8. Let k be a(-7). Suppose q = 999 - k. Suppose -267 - 85 = -2*c - w, w + q = 4*c. List the prime factors of c.
2, 3, 29
List the prime factors of (24 + -17)*(-26)/7*-871.
2, 13, 67
Let o(h) = -64*h + 2607. List the prime factors of o(20).
1327
Suppose 295860 = -474*u + 489*u. What are the prime factors of u?
2, 4931
Let b be (-5 + (-23)/(-5))/((-2)/120). Let l be ((-2)/4)/(4 + (-94)/b). Let v = l + 24. List the prime factors of v.
2, 3
Let h(u) = -7*u**3 - u**2 + 2*u. Let i be 12/9 - 2/(-12)*-2. Let y be h(i). What are the prime factors of (24/1)/(y*(-1)/6)?
2, 3
Let r be 4/(-8) + 33/6. Suppose -b - w - 1 = -6, -21 = -4*b - r*w. Suppose -27 = -b*z + 49. What are the prime factors of z?
19
Let o = -585 + 1526. Let f = -47 + o. List the prime factors of f.
2, 3, 149
Let n(c) = -2*c**2 - 21*c - 37. Let m be n(-8). Suppose -2*x = m*b - 1017, -11*x + 491 = -10*x + 5*b. What are the prime factors of x?
2, 3, 43
Let p = 53 + -21. Let l be (p/(-10))/((-18)/45). Suppose -l*b = -35 - 53. List the prime factors of b.
11
Let l(f) = f**3 + 11*f**2 + 2*f + 27. Let o be l(-11). Let n(c) = c**3 - 5*c**2 + c. Let z be n(o). Suppose -z*k = -9*k + 516. What are the prime factors of k?
3, 43
Let r(g) = 27*g - 4. Let h = 19 - 18. Let i be r(h). Suppose i*k - 16*k = 665. List the prime factors of k.
5, 19
Let z(p) = -p**3 + 4*p**2 + 5*p - 18. Let x be z(4). Suppose 1251 = x*t + 3*a, 2*t - a - 2*a - 1221 = 0. List the prime factors of t.
2, 3, 103
Suppose -3*w + 521 = -z, -48*z + 324 = 2*w - 44*z. Let s = 450 - w. What are the prime factors of s?
2, 139
List the prime factors of (-11)/(-8) + -1 + ((-335965408)/256)/(-83).
2, 59, 67
Let s(m) = 2*m**2 + 19*m**2 - 11*m**2. Suppose 0 = -293*y + 305*y - 36. List the prime factors of s(y).
2, 3, 5
Let n = 117 - 128. What are the prime factors of (n - 18395/(-39))*(2 + 1)?
2, 691
Let c be (-1)/6 + (-182)/(-12). Let a be (-168)/10*75/c. What are the prime factors of (2/6)/((-4)/a)?
7
Suppose 30*b + 2963004 = 139*b - 558786. List the prime factors of b.
2, 3, 5, 359
Suppose 3*l - 2*o = 3 + 3, 3*o = l - 9. Let p be 85920/(-72)*(3/(-2) + l). Suppose p = 10*g - 0*g. What are the prime factors of g?
179
Let x = -139 - -224. Let j = x + -109. What are the prime factors of (-13)/((-390)/j)*(-1330)/4?
2, 7, 19
Suppose -3*i + 14346 = -2*a, 5*i - 2*a - 2*a = 23912. Suppose -20*p + 24*p - i = 0. List the prime factors of p.
5, 239
Let o(k) = -k**3 - 2*k + 195. Suppose -3*c = -0*c + 27. Let w(v) = v**2 + 11*v + 18. Let f be w(c). What are the prime factors of o(f)?
3, 5, 13
Let h = -6832 - -18005. List the prime factors of h.
11173
Suppose 6*u - 7*u + 22 = -5*a, 2*a + 14 = 3*u. Suppose 0*z + 5*d - 174 = -u*z, -3*z - 5*d = -261. Let m = 184 - z. What are the prime factors of m?
97
Suppose -10 = -2*r - 0*r, 241 = -k + 3*r. Let i = -104 - k. Suppose 2*n + 0*f = 3*f + i, -5*f - 185 = -3*n. What are the prime factors of n?
5, 11
Let w(h) = -h**3 + 26*h**2 + 8*h - 27. Let j be 201/12 - (-2)/8. Suppose 5*u + 4*d = 2*d + 124, 3*d = -u + j. What are the prime factors of w(u)?
181
Suppose -41610 - 2406 = -8*i. What are the prime factors of i?
2, 3, 7, 131
Suppose -3*g = 3*t + 9, 3*g - 12 - 3 = 5*t. Suppose g = 6*y + 201 - 1773. List the prime factors of y.
2, 131
Suppose -4*q - 20 = 0, 1206*j = 1203*j - q + 61474. What are the prime factors of j?
3, 11, 23
Let h(k) = 2105*k**3 - 3*k**2 + 3*k - 1. Let t be h(1). Suppose 32*q - 24*q = t. What are the prime factors of q?
263
Suppose -88627 = -22*m + 21879. List the prime factors of m.
5023
Let x(k) = -2*k**2 + 24*k - 68. Let h be x(5). Suppose -5*z + 3161 = h*w, 4*w - 6289 = 5*z - 4*z. List the prime factors of w.
11, 13
Let r = 127 - 121. Suppose 0 = -3*m - r*m + 2133. List the prime factors of m.
3, 79
Let w = 6714 - -2662. List the prime factors of w.
2, 293
Let y(k) = -12*k - 20 - 29 + 50 + 431*k**2. What are the prime factors of y(1)?
2, 3, 5, 7
Let x = -275 + 275. Suppose x = -z + 4*z - 2*t - 1932, 0 = -3*t. List the prime factors of z.
2, 7, 23
Let u(g) = -g + 1. Suppose 4*v + 2 = 6, 2*n + 14 = 2*v. Let r(b) = -b**2 - 8*b + 41. Let q(t) = n*u(t) + r(t). What are the prime factors of q(0)?
5, 7
Suppose -13*n + 2570 + 8657 = -31946. What are the prime factors of n?
3, 41
Let m(q) = 25*q - 62. Let w be m(25). Let v = -279 + w. Suppose 25 = 5*k, 5*d - v - 206 = -4*k. List the prime factors of d.
2, 47
Let k be (-184 - -28)*51/(-6). Let v = k + -34. What are the prime factors of v?
2, 17, 19
Let o be (-552)/(-216) - (-4)/9. Let k(s) = 5*s**3 + 3*s**2 + 8*s - 10. What are the prime factors of k(o)?
2, 11
What are the prime factors of 327/(((-3)/22)/((-54)/108))?
11, 109
Let m = 55916 + -30436. List the prime factors of m.
2, 5, 7, 13
Let l(g) = -4*g - 7. Let i(w) = 8*w + 15. Let p(u) = 3*i(u) + 7*l(u). Let j be p(-2). List the prime factors of 7 - (j/(-4))/(-1).
2, 3
Let t(i) = 2*i**2 + 6*i + 4. Let m = 16 - 19. Let p be t(m). List the prime factors of (-2)/p - 63/(-18).
3
Let u(q) = -q**3 + 11*q**2 + 8*q - 1. Let c be u(12). Let r = c - -51. Suppose -5*m + 4*m = -3*s + 33, -42 = -3*s - r*m. List the prime factors of s.
2, 3
Let h be 22/(-4) + 7*4/56. What are the prime factors of (-1335)/(-12) - (-3)/60*h?
3, 37
Let a(u) = 2*u**2 + 5*u + 1849. Let m be a(0). Suppose -4*r + 1859 = -0*q - q, -4*r + 3*q = -m. What are the prime factors of r?
2, 233
Let h be 25/5 + 12*(-2)/3. List the prime factors of h*((-13)/(-26))/((-3)/1366).
683
Let p(c) = 483*c**2 - c - 1. Let d be (31/(-62))/(2/4). What are the prime factors of p(d)?
3, 7, 23
Let u(o) = -6*o**2 - 4*o - 6 + 16*o**2 + 20*o**2. What are the prime factors of u(-3)?
2, 3, 23
What are the prime factors of (10 - 26)*(-148269)/44?
2, 3, 4493
Suppose 0 = 3*b - 3*a - 97272, -3*b - 32424 = -4*b + 3*a. Suppose -29*n - b = -71*n. List the prime factors of n.
2, 193
Suppose -14*n + 5141 + 101749 = 0. List the prime factors of n.
3, 5, 509
Let f(w) = 143*w**2 - 44*w + 3. List the prime factors of f(6).
3, 181
What are the prime factors of (162495/(-6))/(258/(-516))?
3, 5, 23, 157
Let y(i) = 11*i**2 - i + 5. Let n be y(4). Let x = n + -172. List the prime factors of x.
5
Suppose 5*j + 2*i = 1 + 11, -2*j = 2*i - 6. What are the prime factors of 2/(-14) - j/(42/(-3573))?
2, 5, 17
Suppose 4*h - 27375 + 8651 = 0. What are the prime factors of h?
31, 151
Let q be (-18)/(-108) - (1*2)/12. Suppose 4*c + 3*n - 1013 = 0, q = 2*c - 4*n - 176 - 358. Let f = 363 - c. What are the prime factors of f?
2, 53
Let h(q) = -3*q + 59. Let u(r) = -r + 29. Let n(v) = 4*h(v) - 10*u(v). Let y be n(9). Let l =